(o)?
8
Suppose 2*u - 65 = -3*u. What is the units digit of u?
3
Let h(b) = -b**3 - 5*b**2 - 5*b + 1. Suppose -2*q - q - 24 = 3*i, -12 = 3*i. What is the units digit of h(q)?
5
Let v = 3 - 4. What is the tens digit of ((-3)/6)/(v/62)?
3
Let i = 80 + -35. Let r be i/20 + 2/(-8). Suppose -62 = -4*p + r. What is the units digit of p?
6
Let w(n) = -n**3 + 5*n**2 + 7*n - 2. Let c be w(6). Let z = c + 10. Let q = z - 9. What is the units digit of q?
5
Let k(p) = -p**2 + 6*p - 5. Let f be k(5). What is the units digit of (f - 0) + 28/2?
4
Suppose 0 = -0*n + n. Suppose 2*c + 10 = -0*c, -2*r - 3*c - 15 = n. Suppose r*k - 10 = -k. What is the tens digit of k?
1
Let l = -18 + 12. Let s(r) = r**3 + 6*r**2 - 2*r + 6. Let j be s(l). Let v = -2 + j. What is the units digit of v?
6
Let r(x) be the third derivative of x**6/30 - x**5/60 - x**4/12 + x**3/3 + 6*x**2. What is the tens digit of r(2)?
2
Suppose -3 = -5*u + n - 4*n, -5*u + 31 = -4*n. Suppose -q + u*q = 96. What is the units digit of q?
8
Let b(k) = -k - k**3 - 13 + 9*k**2 - 2 + 14*k. Let g = -9 + 19. What is the units digit of b(g)?
5
Suppose 3 + 5 = m. Let v(w) = w - 6. Let n be v(m). Suppose 4*c - 1 = -k, -k + 1 = 2*c + n. What is the units digit of c?
1
Let u = -38 + 88. What is the units digit of u?
0
Let r(j) = 82*j**3. What is the units digit of r(1)?
2
Let z be 4 + (144/4)/(-4). Let u(d) = d**3 - 3*d**2 + 2*d + 2. Let o be u(3). Let f = o + z. What is the units digit of f?
3
Let l = -3 - -9. Let j = l - 1. Suppose 3*q - 7 = j. What is the units digit of q?
4
Suppose h - 3 = -0*h. Suppose 0*p = h*p - 21. What is the units digit of p?
7
Suppose -5*n + 5*c - 20 = 25, 2*n - c + 17 = 0. Let u = 10 + n. What is the units digit of 9 - (0 + (u - 1))?
8
Suppose -3*s + 2*x + 10 = -0*x, -x = 2. Suppose -4*d + 20 = 0, 16 = s*n - n + 3*d. What is the units digit of n?
1
Suppose 5*i - 303 = -4*n, 0*n - i + 230 = 3*n. What is the units digit of n?
7
Suppose 0 = 8*p - 7*p - 1. Let n(j) = -17*j**2. Let z(d) = -60*d**2. Let l(m) = -18*n(m) + 5*z(m). What is the units digit of l(p)?
6
Let v(b) = b**3 + 2*b**2 + 3*b. What is the units digit of v(3)?
4
Let t be 4/3 - (-2)/3. Suppose 3*s - 40 = -t*s. What is the units digit of s?
8
Suppose 5*c - t - 2*t - 9 = 0, 0 = t + 3. Suppose c = u - 3*u - l + 10, 5*u + l - 22 = 0. What is the units digit of u?
4
Let s = 90 + -56. What is the tens digit of s?
3
Suppose 4*r + 82 = -2*v, -3*r + 76 = -2*v - r. Let z = -28 - v. What is the tens digit of z?
1
Suppose 91 + 37 = 4*i. What is the tens digit of i?
3
Suppose 0*a = -2*a - 4, -2*t + a + 50 = 0. What is the tens digit of t?
2
Suppose -2*c + 3*c - 2*n = 37, -2*n = c - 17. What is the tens digit of c?
2
Let q = -13 + 11. Let p = 2 - q. Suppose -p + 15 = x. What is the units digit of x?
1
Let b(d) = 2*d**3 - 2*d**2 + 306. What is the hundreds digit of b(0)?
3
Let u be (0 + 1)/((-1)/(-3)). Suppose 4*z = -5 + 1. Let a = z + u. What is the units digit of a?
2
Suppose 0 = -0*d + 2*d + 4*u - 84, 0 = d - 2*u - 46. What is the tens digit of d?
4
Let b be 5*(2 - (2 - 1)). Suppose -j + b*j = -4*d, -3 = -2*j - d. What is the units digit of j?
3
Suppose 5*l - 1448 = 2*f + 294, f - 695 = -2*l. What is the hundreds digit of l?
3
Let c(b) = -2*b**3 - 6*b**2 + 11*b - 6. What is the tens digit of c(-6)?
4
Suppose -4*v + 11 = -1. Suppose -21 = -v*t - 3*w, 15 = -t + 3*t + w. What is the units digit of t?
8
Let j(s) = -116*s**3 + s. What is the tens digit of j(-1)?
1
Let n = -8 + 11. Suppose 5*i - 5*d = -16 - 9, -i + 11 = n*d. What is the tens digit of (3 - 0)/(i/(-5))?
1
Suppose 0 = 2*q + q - 48. What is the tens digit of q?
1
Let g(t) = t**3 - t**2 - 8*t + 1. What is the tens digit of g(5)?
6
Suppose -15 = z - 3*s, 5*z + 3*s + 18 = -s. Let t be 42/4*(-4)/z. Suppose -3*p + t*p = 24. What is the units digit of p?
6
Let d be 1/(2/(-144)*-3). Suppose -2*o - 52 = -2*c + 2*o, 2*c - d = -3*o. What is the units digit of c?
8
Let l(n) = 7*n**2 - 5*n - 6. What is the tens digit of l(-3)?
7
Suppose -g - 5 = -3*n - 18, -4*n = 12. Suppose -2 = l + 4*h + 2, 20 = 3*l + g*h. Suppose -4*t = -o - l, -5*t - 3*o + 2*o = -6. What is the units digit of t?
2
Let y(w) = w**2 + 3*w - 16. What is the units digit of y(7)?
4
Let l(h) be the first derivative of -h**2/2 - 6*h - 2. Let q be l(-7). What is the units digit of (1 + q/(-2))*18?
9
Let v(d) be the first derivative of d**4/2 + d**2 - d - 1. What is the units digit of v(1)?
3
Let n(g) = g**3 - g**2 + g + 10. Let z(d) = -d + 10. Let c be z(7). Let k be (-1 - -1)/(c + -1). What is the tens digit of n(k)?
1
Suppose 0 = 5*b + u + 78, 3*u + 76 = -5*b + u. Let a be (-2)/(-3) - b/12. Suppose 3 = k - a. What is the units digit of k?
5
Let n be (1 - 3)*(2 + -4). Suppose -s + x = -3, -n*s + s + 3 = -x. Suppose 5*z = -0*c - c + 20, s = z + 3*c - 18. What is the units digit of z?
3
Suppose 2*u - 16 = -0. What is the units digit of u?
8
Let p = 85 + -2. What is the tens digit of p?
8
Let l(p) = 6*p**2 - 2*p + 1. Let u(t) = t**2 - t + 1. Let y(m) = l(m) - 4*u(m). Suppose 3 = -g + 5. What is the units digit of y(g)?
9
Let k = -6 + 1. Let p = k + 0. Let u = p - -13. What is the units digit of u?
8
Let d(h) = -16*h + 1. Suppose 2 = r - 3*r. What is the tens digit of d(r)?
1
Let n be (0 + 2 + -2)/2. Let s(z) = z**3 + 15. What is the tens digit of s(n)?
1
Let c = 3 + 1. Suppose c*a = 37 + 3. What is the units digit of (-3)/3 + a + -2?
7
Let t = 2 + 0. Let d = -4 + t. What is the units digit of (-1)/d - 5/(-2)?
3
Let x(b) = -b**2 + 11*b + 6. Let l be x(11). Suppose 4 - l = -c, -5*n - 3*c = -31. What is the units digit of n?
5
Let c = 3 - 3. Suppose c = -h + 6*h - 5. Suppose -3 - h = -3*t + 2*k, -t = -4*k + 2. What is the units digit of t?
2
Let o = 32 - 9. What is the tens digit of o?
2
Suppose -i = -5*r - 3, 0 = -5*r + 2*i + 2*i - 12. Suppose -3*w - 9 + 18 = r. What is the units digit of w?
3
Let p(o) = -2*o + 14. What is the tens digit of p(-9)?
3
Suppose 0 = 4*h + 12 + 4. What is the tens digit of h/(-2)*19/2?
1
Let l = 5 - 2. Suppose -2*g = 5*k + 13, -l = -2*g - 3*k - 6. Let w(f) = -f**3 + 7*f**2 - 4*f - 7. What is the units digit of w(g)?
5
Let v = 25 - 7. What is the units digit of v?
8
What is the tens digit of ((-77)/22)/(1/(-30))?
0
Let r = 160 - 39. What is the hundreds digit of r?
1
Let a(q) = -q**2 - 6*q. Let b be a(-6). Let u = 4 + b. What is the units digit of u?
4
Let u(y) = y**3 - y**2 - y - 7. Let m(b) = -b**3 + b**2 + b + 7. Let q(n) = 5*m(n) + 4*u(n). What is the units digit of q(0)?
7
What is the units digit of 235/3 + 9/(-27)?
8
What is the units digit of (-164)/(-10) - (-6)/(-15)?
6
Let k = -2 + 2. Suppose -2*n - 46 = -4*s, 2*s + k*n - 22 = 2*n. Suppose -s = -5*b + b. What is the units digit of b?
3
Let g be (-75)/9 - 3/(-9). Let y = g + 5. What is the units digit of 162/24 + y/4?
6
Let q(o) = -12*o**3 + 2*o + 1. Let z = -1 - -5. Let h = 3 - z. What is the tens digit of q(h)?
1
Let j = 91 + -18. What is the tens digit of j?
7
Let z(j) = j + 4. Suppose -4*a = -5*c - 12, 0*c - 22 = 5*c + a. Let v be z(c). Suppose 3*l - 39 = -0*l + 2*k, v = 2*k - 6. What is the units digit of l?
5
Let q(n) = -n**2 + 6*n. Let p(l) = -3*l. Let k(t) = -5*p(t) - 2*q(t). Let c be k(-2). Let u(h) = h. What is the units digit of u(c)?
2
Let k(f) = -16*f + 1. Suppose 4 = -3*g - 3*r - 5, 5*g + 5 = -3*r. Suppose -2*s + 7 = -5*m, -3*m - 4*s + 3 = g. What is the units digit of k(m)?
7
Suppose -135 = 5*u - 335. Suppose u = 8*t - 3*t. What is the units digit of t?
8
Let f = -4 + 34. Suppose 18 + f = 4*p. What is the units digit of p?
2
Let m = -803 - -1207. What is the units digit of m?
4
Let h = -18 + 22. Suppose 60 = 4*g + h*v, -5*v + 2*v + 5 = g. What is the units digit of g?
0
Let x(w) = -w**2 + 10*w - 9. Let u be x(7). Suppose -4*q + 2*r = -14, q - 5*r - u = -4. Suppose 0 = -q*m - 2*m + 65. What is the units digit of m?
3
Let i(f) be the second derivative of f**5/20 + f**4/3 + f**3/3 - f. Suppose 3*m + 8 + 1 = 0. What is the units digit of i(m)?
3
Let v(r) = -r**3 - 5*r**2 + 6*r + 1. Let x be v(-6). Let q(p) = p**3 + p**2 - p. Let d be q(x). What is the units digit of (-7 + d)/((-16)/24)?
9
Suppose -2*f = s - 6, -5*s - f + 58 = -5*f. What is the tens digit of 125/s + (-2)/(-4)?
1
Suppose 5*j = j + 3*z + 7, 3*j + z - 2 = 0. Let y = j - -